65 = -4*l - l + w*g, 5*l = 2*g + 259. List the prime factors of l.
3, 17
Let a(x) = 5*x**3 - 13*x**2 - 11*x + 32. List the prime factors of a(6).
2, 17
Suppose 13*j - 3063 = 2566. List the prime factors of j.
433
Let c(k) = -6*k**2 - 4*k - 1. Let n be c(2). Let s = n - -49. Suppose -5*h + 3*i + 57 = -s, -5*i = -5*h + 75. List the prime factors of h.
2, 7
Suppose -6*a = -4*a - 20. Suppose -6*c - 200 = -a*c. List the prime factors of c.
2, 5
What are the prime factors of (-37940)/(-8) + -3 - (-2)/(-4)?
7, 677
Let f(a) = -5*a**2 + a - 4. Let m be f(-3). Let u = m + 13. List the prime factors of 3*(u/(-9) + 1).
2
What are the prime factors of 7664/48 + 6/(-9)?
3, 53
Let j be (-1*3)/((-7)/42). Let w be (14202/(-3))/((-1)/(-1)). What are the prime factors of w/(-162) - 4/j?
29
Let b(h) be the third derivative of -11*h**8/1120 + h**6/720 - h**4/3 - h**2. Let r(u) be the second derivative of b(u). What are the prime factors of r(-1)?
5, 13
Let c(d) = -20*d + 41. Let m(g) = 20*g - 40. Let v(a) = -4*c(a) - 5*m(a). List the prime factors of v(-11).
2
Let w = -183 - -279. Suppose -19*x + 16*x + w = 0. Suppose 6*o - x = 4*o. What are the prime factors of o?
2
Let b(k) = -k**3 + 10*k**2 - 2. Let f be b(10). Let v be (-1 - f)*2 - -3. Suppose r + 138 = v*g - r, -r = -5*g + 139. What are the prime factors of g?
2, 7
Suppose 0 = -2*g + 680 + 630. List the prime factors of g.
5, 131
Suppose -26*k + 43240 = -6966. What are the prime factors of k?
1931
What are the prime factors of (-2)/(-7) - ((-26916)/21 - -9)?
19, 67
Let c be (-3313)/(-4) - (-7 + 232/32). Suppose 5*b - c = -b. What are the prime factors of b?
2, 3, 23
Let q be 1304/26 + 14/(-91). Suppose -6*w - q = -w. Let f = w + 12. What are the prime factors of f?
2
Let v(s) = -4*s**2 + 9*s - 24. Let a be v(5). Let f = a - -138. What are the prime factors of f?
59
Suppose -q - 2*x = 2, -5*x + 0*x = 2*q + 6. Let m be ((-108)/30)/(q/(-10)). What are the prime factors of ((-14)/6)/((-6)/m)?
7
Let n(o) = 1 - 7 + 4 + o + 9. List the prime factors of n(5).
2, 3
Let x be (-2)/(-4)*(-3552)/4. Let k = x + 80. What are the prime factors of (-2)/(-3) + k/(-12)?
31
Suppose 5 = s - 3*p, 2*s - 5 = -s - p. Suppose -1 + 71 = m - 4*b, 5*m = s*b + 332. What are the prime factors of m?
2, 3, 11
Suppose k - 36 = -b, 3*b + 9*k = 7*k + 103. List the prime factors of b.
31
Let p(j) = j**2 + 12*j + 15. Let u be p(-11). Suppose 3*l + l - u*g - 384 = 0, -2*g - 468 = -5*l. List the prime factors of l/(-6)*6/(-4).
23
Let m(f) = 2*f + 21. Let j be m(-14). Let l = j - -46. Suppose 9*x - 6*x = l. What are the prime factors of x?
13
Suppose 0 = -l + u + 64, 0 = -l - 2*l - 5*u + 208. What are the prime factors of (l/(-6))/(1/(-3))?
3, 11
Suppose 3*h = -2*y + 43, 0*y - 3*y - 3*h = -72. Let n = 26 + y. List the prime factors of n.
5, 11
Let d(z) be the first derivative of -z**3/3 + 9*z**2/2 + 25*z - 30. What are the prime factors of d(7)?
3, 13
Let p be 19/(-7) - (-4)/(-14). Let q(n) = 5*n**2 + n - 2. Let i be q(p). Suppose -3*g - 2*g + i = 5*r, 5*g - 40 = 3*r. List the prime factors of g.
2
Suppose -v + 2*h = -364, -3*v - 3*h + 1084 = -7*h. What are the prime factors of v?
2, 89
Let f be (-1)/(6/(-9))*2. Let d = f - -35. List the prime factors of d.
2, 19
Let k be ((-1216)/(-7) - -3) + (-4)/(-14). What are the prime factors of (2 - k/(-4))*4?
5, 37
Let o be (-10)/(-7) - (-12)/21. Suppose o = 4*p - 10. Suppose -p*u + 130 = 2*u. List the prime factors of u.
2, 13
Suppose 33*a - 3381 + 1170 = 0. List the prime factors of a.
67
Let k(d) = 15*d - 45. Let s be k(5). Suppose -6*a = -7*a + s. What are the prime factors of a?
2, 3, 5
Let p = 266 - 87. List the prime factors of p.
179
Let d be 190/(-4)*52/(-65). Suppose 0*w + d = 3*w + 5*n, 4*w = -2*n + 32. List the prime factors of w.
2, 3
What are the prime factors of (-1 - -2)/(332/110 + -3)?
5, 11
Let g be -1*(-3 + 1) + 6/3. Suppose 4*r + k = -k + 818, k = -g*r + 819. List the prime factors of r.
5, 41
Suppose -5*a + 1008 = 2*p - p, -2*a = -2*p + 2028. What are the prime factors of p?
1013
Suppose 3*d + 308 = -5*w, 5*d - d = -5*w - 404. Let m = 55 - d. What are the prime factors of m?
151
Let z = 947 - 640. Let f = -219 + z. List the prime factors of f.
2, 11
Suppose -1 = -j + 3*y, 4*j + 3*y = 1 - 12. Let d(t) = 17*t**2 - 3*t. What are the prime factors of d(j)?
2, 37
Suppose -i = -3*g + 1 + 4, -5*g + 19 = i. List the prime factors of 3/(3/113) + g.
2, 29
Suppose -3*g + 1 + 2 = 3*d, -5*g - 9 = -2*d. Suppose 3*n + 4 - 10 = 0. Suppose 2*u + d = 0, 0*u - 15 = -n*b + 3*u. What are the prime factors of b?
2, 3
Let l be -9 + (1 - (-4 - -2)). What are the prime factors of 2/((-9)/(1647/l))?
61
Let l = 1092 + -682. List the prime factors of l.
2, 5, 41
What are the prime factors of (-265)/(-10) - 6/(-12)?
3
Let n(a) = -8*a - 2. Let q = -16 + 17. Let i be n(q). What are the prime factors of 4/1*i/(-8)?
5
Let z(i) = -2348*i - 43. List the prime factors of z(-2).
3, 11, 47
What are the prime factors of (-60)/40 - 2038/(-4)?
2, 127
Suppose 5*s + 1 = -i + s, 0 = -5*i + 3*s + 18. Suppose 4*k - 408 = i*r, 3*k + 4*r - 408 = -k. What are the prime factors of k?
2, 3, 17
Let u be 1/2 + 9/18. Let w = u + 1. What are the prime factors of (-64)/40*(-15)/w?
2, 3
Suppose 73059 = 41*z - 13451. List the prime factors of z.
2, 5, 211
Let k = -221 - -318. Suppose 5*d - 20 = -3*s, -1 = -2*s + s + 4*d. Suppose 4*a - k = -s*i, a - 32 = i - 10. List the prime factors of a.
23
Suppose 0 = s + 5*c - 110, 2*s - 2*c = c + 220. What are the prime factors of s?
2, 5, 11
Let x(g) = g**3 - 22*g**2 - 22*g - 21. Let b be x(23). Suppose 6*j = -b*j + 856. What are the prime factors of j?
107
Let a(z) = 4*z**2 + 14*z - 11. List the prime factors of a(-7).
3, 29
Let y be ((-28)/5)/((-4)/10). Let o = y + 28. List the prime factors of o.
2, 3, 7
Let u be 33/(-6)*-52*(-4)/(-4). Let l = u - 163. What are the prime factors of l?
3, 41
Let x(j) = -22*j**2 + j**3 + 21*j**2 + j - 6 + 2. Let w be x(0). What are the prime factors of -1 + (-14*2)/w?
2, 3
Let w be (-1)/(-3) - 22/(-6). Suppose 2*m - w = 2*t, 3*m + 3*t - 6 = -0*t. Suppose 60 = 4*s - m*s. List the prime factors of s.
2, 3, 5
Let v = -811 - -1704. What are the prime factors of v?
19, 47
Let p(l) = l**3 + 29*l**2 - 30*l - 30. Let o be p(-30). Suppose -2 + 143 = 3*t. Let u = t + o. List the prime factors of u.
17
Let t(y) = -y**2 - 28*y - 48. Let v be t(-26). Suppose 4*m + v*o - 160 = 0, 5*o + 24 = -4*m + 187. List the prime factors of m.
37
Let l = 291 - -80. What are the prime factors of l?
7, 53
Let z = -52 + 175. Suppose -2*a + 8 + 2 = 0. Suppose -a*t + z = 5*x - 142, 0 = 2*t + 4*x - 112. What are the prime factors of t?
2, 5
Let q be 24/60 + (-198)/(-5). Suppose 4 = -3*c + c, -5*t + q = 5*c. What are the prime factors of t?
2, 5
Let l(s) be the third derivative of s**5/60 + s**4/8 - 3*s**3/2 - 4*s**2. What are the prime factors of l(10)?
11
Let w(n) = n**2 + n - 11. Let f be w(0). Let g = 4 + f. What are the prime factors of (1 - -7) + (g - -4)?
5
Let m = 1219 - 704. What are the prime factors of m?
5, 103
Suppose -4*z + 2*c = -0*z, -c = -4. Let l(k) = 10 - 12 - k**3 + 0*k**3 - 5*k - z*k**2. List the prime factors of l(-3).
2, 11
Let p = 7058 + -4164. List the prime factors of p.
2, 1447
Let y(u) = -2*u - 8. Let o = -23 - -21. Let g be 4*o + 0 + 1. What are the prime factors of y(g)?
2, 3
Suppose -8*c = -5*c + 3. What are the prime factors of ((-54)/(-4) + c)*36/30?
3, 5
Suppose b = -0*b - 1. List the prime factors of (339/(-6))/(b/2).
113
Let h be 8 - (2 - (1 - -2)). Suppose k = -7*g + 2*g + 31, 0 = -3*g + h. List the prime factors of 4 + k*3/6.
2, 3
Suppose 2*f + 144 + 264 = -5*z, -3*f = -3*z - 228. Let x = -11 - z. List the prime factors of x.
3, 23
Let a(g) = 17*g**2 + 6*g - 35. List the prime factors of a(-11).
2, 3, 163
Let m = -194 + 260. What are the prime factors of m?
2, 3, 11
Suppose 4*m - m = 3*x - 300, 0 = -3*x - 4*m + 314. What are the prime factors of x?
2, 3, 17
Let m(h) = -2*h**2 - 6*h + 5. Let u be m(-5). Let z(g) = -g**3 - 14*g**2 + 10*g + 4. What are the prime factors of z(u)?
79
Suppose -6*r = -8 + 20. List the prime factors of (-8)/r + 378/6.
67
What are the prime factors of (4 + -9 + 7)/((-2)/(-397))?
397
What are the prime factors of (6/(-21))/1 + 10254/21?
2